{"id":6,"date":"2023-05-31T09:38:58","date_gmt":"2023-05-31T09:38:58","guid":{"rendered":"https:\/\/expansionyfinanzas.com\/?page_id=6"},"modified":"2024-12-20T14:01:40","modified_gmt":"2024-12-20T14:01:40","slug":"inicio","status":"publish","type":"page","link":"https:\/\/expansionyfinanzas.com\/","title":{"rendered":"Inicio"},"content":{"rendered":"\t\t<div data-elementor-type=\"wp-page\" data-elementor-id=\"6\" class=\"elementor elementor-6\" data-elementor-post-type=\"page\">\n\t\t\t\t\t\t<section class=\"elementor-section elementor-top-section elementor-element elementor-element-f33ba5d elementor-section-boxed elementor-section-height-default elementor-section-height-default\" data-id=\"f33ba5d\" data-element_type=\"section\" data-e-type=\"section\">\n\t\t\t\t\t\t<div class=\"elementor-container elementor-column-gap-default\">\n\t\t\t\t\t<div class=\"elementor-column elementor-col-100 elementor-top-column elementor-element elementor-element-c3e0450\" data-id=\"c3e0450\" data-element_type=\"column\" data-e-type=\"column\" data-settings=\"{&quot;background_background&quot;:&quot;classic&quot;}\">\n\t\t\t<div class=\"elementor-widget-wrap elementor-element-populated\">\n\t\t\t\t\t<div class=\"elementor-background-overlay\"><\/div>\n\t\t\t\t\t\t<div class=\"elementor-element elementor-element-8d6590b elementor-widget elementor-widget-spacer\" data-id=\"8d6590b\" data-element_type=\"widget\" data-e-type=\"widget\" data-widget_type=\"spacer.default\">\n\t\t\t\t<div class=\"elementor-widget-container\">\n\t\t\t\t\t\t\t<div class=\"elementor-spacer\">\n\t\t\t<div class=\"elementor-spacer-inner\"><\/div>\n\t\t<\/div>\n\t\t\t\t\t\t<\/div>\n\t\t\t\t<\/div>\n\t\t\t\t<div class=\"elementor-element elementor-element-30c7cf5 elementor-widget elementor-widget-heading\" data-id=\"30c7cf5\" data-element_type=\"widget\" data-e-type=\"widget\" data-widget_type=\"heading.default\">\n\t\t\t\t<div class=\"elementor-widget-container\">\n\t\t\t\t\t<h1 class=\"elementor-heading-title elementor-size-default\">Expansi\u00f3n Financiera S.L<\/h1>\t\t\t\t<\/div>\n\t\t\t\t<\/div>\n\t\t\t\t<div class=\"elementor-element elementor-element-5bb8ffc elementor-widget elementor-widget-spacer\" data-id=\"5bb8ffc\" data-element_type=\"widget\" data-e-type=\"widget\" data-widget_type=\"spacer.default\">\n\t\t\t\t<div class=\"elementor-widget-container\">\n\t\t\t\t\t\t\t<div class=\"elementor-spacer\">\n\t\t\t<div class=\"elementor-spacer-inner\"><\/div>\n\t\t<\/div>\n\t\t\t\t\t\t<\/div>\n\t\t\t\t<\/div>\n\t\t\t\t\t<\/div>\n\t\t<\/div>\n\t\t\t\t\t<\/div>\n\t\t<\/section>\n\t\t\t\t<section class=\"elementor-section elementor-top-section elementor-element elementor-element-4685d390 elementor-section-stretched elementor-section-boxed elementor-section-height-default elementor-section-height-default\" data-id=\"4685d390\" data-element_type=\"section\" data-e-type=\"section\" data-settings=\"{&quot;stretch_section&quot;:&quot;section-stretched&quot;}\">\n\t\t\t\t\t\t<div class=\"elementor-container elementor-column-gap-default\">\n\t\t\t\t\t<div class=\"elementor-column elementor-col-50 elementor-top-column elementor-element elementor-element-54605332\" data-id=\"54605332\" data-element_type=\"column\" data-e-type=\"column\">\n\t\t\t<div class=\"elementor-widget-wrap elementor-element-populated\">\n\t\t\t\t\t\t<div class=\"elementor-element elementor-element-4c21bc21 elementor-widget elementor-widget-heading\" data-id=\"4c21bc21\" data-element_type=\"widget\" data-e-type=\"widget\" data-widget_type=\"heading.default\">\n\t\t\t\t<div class=\"elementor-widget-container\">\n\t\t\t\t\t<p class=\"elementor-heading-title elementor-size-default\">Soluciones completas<\/p>\t\t\t\t<\/div>\n\t\t\t\t<\/div>\n\t\t\t\t<div class=\"elementor-element elementor-element-63a26d72 elementor-widget elementor-widget-heading\" data-id=\"63a26d72\" data-element_type=\"widget\" data-e-type=\"widget\" data-widget_type=\"heading.default\">\n\t\t\t\t<div class=\"elementor-widget-container\">\n\t\t\t\t\t<h2 class=\"elementor-heading-title elementor-size-default\">Conozca bien a su futuro socio y tome decisiones financieras informadas<\/h2>\t\t\t\t<\/div>\n\t\t\t\t<\/div>\n\t\t\t\t<div class=\"elementor-element elementor-element-2367ffd elementor-widget elementor-widget-text-editor\" data-id=\"2367ffd\" data-element_type=\"widget\" data-e-type=\"widget\" data-widget_type=\"text-editor.default\">\n\t\t\t\t<div class=\"elementor-widget-container\">\n\t\t\t\t\t\t\t\t\t<p>Nos enorgullece ser l\u00edderes en el sector, brindando soluciones financieras innovadoras y precisas que permiten a nuestros clientes tomar decisiones informadas. Entendemos que la informaci\u00f3n financiera es clave para el \u00e9xito de cualquier empresa o persona.<\/p><p>Por ello, nos especializamos en la recopilaci\u00f3n, an\u00e1lisis y evaluaci\u00f3n de datos financieros, proporcionando informes detallados y personalizados que ofrecen una visi\u00f3n completa de la situaci\u00f3n financiera, siempre con el permiso correspondiente.<\/p>\t\t\t\t\t\t\t\t<\/div>\n\t\t\t\t<\/div>\n\t\t\t\t\t<\/div>\n\t\t<\/div>\n\t\t\t\t<div class=\"elementor-column elementor-col-50 elementor-top-column elementor-element elementor-element-36b2c52\" data-id=\"36b2c52\" data-element_type=\"column\" data-e-type=\"column\">\n\t\t\t<div class=\"elementor-widget-wrap elementor-element-populated\">\n\t\t\t\t\t\t<div class=\"elementor-element elementor-element-5294b46 elementor-widget elementor-widget-image\" data-id=\"5294b46\" data-element_type=\"widget\" data-e-type=\"widget\" data-widget_type=\"image.default\">\n\t\t\t\t<div class=\"elementor-widget-container\">\n\t\t\t\t\t\t\t\t\t\t\t\t\t\t\t<img fetchpriority=\"high\" decoding=\"async\" width=\"1024\" height=\"683\" src=\"https:\/\/expansionyfinanzas.com\/wp-content\/uploads\/2023\/06\/finanzas-1024x683.jpg\" class=\"attachment-large size-large wp-image-425\" alt=\"Finanzas Expansi\u00f3n y Finanzas\" srcset=\"https:\/\/expansionyfinanzas.com\/wp-content\/uploads\/2023\/06\/finanzas-1024x683.jpg 1024w, https:\/\/expansionyfinanzas.com\/wp-content\/uploads\/2023\/06\/finanzas-300x200.jpg 300w, https:\/\/expansionyfinanzas.com\/wp-content\/uploads\/2023\/06\/finanzas-768x512.jpg 768w, https:\/\/expansionyfinanzas.com\/wp-content\/uploads\/2023\/06\/finanzas-1536x1025.jpg 1536w, https:\/\/expansionyfinanzas.com\/wp-content\/uploads\/2023\/06\/finanzas-2048x1366.jpg 2048w\" sizes=\"(max-width: 1024px) 100vw, 1024px\" \/>\t\t\t\t\t\t\t\t\t\t\t\t\t\t\t<\/div>\n\t\t\t\t<\/div>\n\t\t\t\t\t<\/div>\n\t\t<\/div>\n\t\t\t\t\t<\/div>\n\t\t<\/section>\n\t\t\t\t<section class=\"elementor-section elementor-top-section elementor-element elementor-element-5d5f70f elementor-section-height-min-height elementor-section-boxed elementor-section-height-default elementor-section-items-middle\" data-id=\"5d5f70f\" data-element_type=\"section\" data-e-type=\"section\" data-settings=\"{&quot;background_background&quot;:&quot;classic&quot;}\">\n\t\t\t\t\t\t\t<div class=\"elementor-background-overlay\"><\/div>\n\t\t\t\t\t\t\t<div class=\"elementor-container elementor-column-gap-default\">\n\t\t\t\t\t<div class=\"elementor-column elementor-col-100 elementor-top-column elementor-element elementor-element-220d6b8\" data-id=\"220d6b8\" data-element_type=\"column\" data-e-type=\"column\">\n\t\t\t<div class=\"elementor-widget-wrap elementor-element-populated\">\n\t\t\t\t\t\t<div class=\"elementor-element elementor-element-f85de90 elementor-widget elementor-widget-heading\" data-id=\"f85de90\" data-element_type=\"widget\" data-e-type=\"widget\" data-settings=\"{&quot;motion_fx_motion_fx_scrolling&quot;:&quot;yes&quot;,&quot;motion_fx_devices&quot;:[&quot;desktop&quot;,&quot;tablet&quot;,&quot;mobile&quot;]}\" data-widget_type=\"heading.default\">\n\t\t\t\t<div class=\"elementor-widget-container\">\n\t\t\t\t\t<h2 class=\"elementor-heading-title elementor-size-default\">Protege tu propiedad y selecciona inquilinos solventes con garant\u00edas financieras\n\n<\/h2>\t\t\t\t<\/div>\n\t\t\t\t<\/div>\n\t\t\t\t<div class=\"elementor-element elementor-element-e8f1326 elementor-align-center elementor-widget elementor-widget-button\" data-id=\"e8f1326\" data-element_type=\"widget\" data-e-type=\"widget\" data-widget_type=\"button.default\">\n\t\t\t\t<div class=\"elementor-widget-container\">\n\t\t\t\t\t\t\t\t\t<div class=\"elementor-button-wrapper\">\n\t\t\t\t\t<a class=\"elementor-button elementor-button-link elementor-size-sm elementor-animation-sink\" href=\"https:\/\/expansionyfinanzas.com\/?page_id=11\">\n\t\t\t\t\t\t<span class=\"elementor-button-content-wrapper\">\n\t\t\t\t\t\t\t\t\t<span class=\"elementor-button-text\">Saber m\u00e1s <\/span>\n\t\t\t\t\t<\/span>\n\t\t\t\t\t<\/a>\n\t\t\t\t<\/div>\n\t\t\t\t\t\t\t\t<\/div>\n\t\t\t\t<\/div>\n\t\t\t\t\t<\/div>\n\t\t<\/div>\n\t\t\t\t\t<\/div>\n\t\t<\/section>\n\t\t\t\t<\/div>\n\t\t","protected":false},"excerpt":{"rendered":"<p>Expansi\u00f3n Financiera S.L Soluciones completas Conozca bien a su futuro socio y tome decisiones financieras informadas Nos enorgullece ser l\u00edderes en el sector, brindando soluciones financieras innovadoras y precisas que permiten a nuestros clientes tomar decisiones informadas. Entendemos que la informaci\u00f3n financiera es clave para el \u00e9xito de cualquier empresa o persona. Por ello, nos [&hellip;]<\/p>\n","protected":false},"author":1,"featured_media":602,"parent":0,"menu_order":0,"comment_status":"closed","ping_status":"closed","template":"","meta":{"site-sidebar-layout":"no-sidebar","site-content-layout":"page-builder","ast-site-content-layout":"full-width-container","site-content-style":"unboxed","site-sidebar-style":"unboxed","ast-global-header-display":"","ast-banner-title-visibility":"","ast-main-header-display":"","ast-hfb-above-header-display":"","ast-hfb-below-header-display":"","ast-hfb-mobile-header-display":"","site-post-title":"disabled","ast-breadcrumbs-content":"","ast-featured-img":"disabled","footer-sml-layout":"","ast-disable-related-posts":"","theme-transparent-header-meta":"","adv-header-id-meta":"","stick-header-meta":"","header-above-stick-meta":"","header-main-stick-meta":"","header-below-stick-meta":"","astra-migrate-meta-layouts":"set","ast-page-background-enabled":"default","ast-page-background-meta":{"desktop":{"background-color":"var(--ast-global-color-4)","background-image":"","background-repeat":"repeat","background-position":"center center","background-size":"auto","background-attachment":"scroll","background-type":"","background-media":"","overlay-type":"","overlay-color":"","overlay-opacity":"","overlay-gradient":""},"tablet":{"background-color":"","background-image":"","background-repeat":"repeat","background-position":"center center","background-size":"auto","background-attachment":"scroll","background-type":"","background-media":"","overlay-type":"","overlay-color":"","overlay-opacity":"","overlay-gradient":""},"mobile":{"background-color":"","background-image":"","background-repeat":"repeat","background-position":"center center","background-size":"auto","background-attachment":"scroll","background-type":"","background-media":"","overlay-type":"","overlay-color":"","overlay-opacity":"","overlay-gradient":""}},"ast-content-background-meta":{"desktop":{"background-color":"var(--ast-global-color-5)","background-image":"","background-repeat":"repeat","background-position":"center center","background-size":"auto","background-attachment":"scroll","background-type":"","background-media":"","overlay-type":"","overlay-color":"","overlay-opacity":"","overlay-gradient":""},"tablet":{"background-color":"var(--ast-global-color-5)","background-image":"","background-repeat":"repeat","background-position":"center center","background-size":"auto","background-attachment":"scroll","background-type":"","background-media":"","overlay-type":"","overlay-color":"","overlay-opacity":"","overlay-gradient":""},"mobile":{"background-color":"var(--ast-global-color-5)","background-image":"","background-repeat":"repeat","background-position":"center center","background-size":"auto","background-attachment":"scroll","background-type":"","background-media":"","overlay-type":"","overlay-color":"","overlay-opacity":"","overlay-gradient":""}},"footnotes":""},"class_list":["post-6","page","type-page","status-publish","has-post-thumbnail","hentry"],"yoast_head":"<!-- This site is optimized with the Yoast SEO plugin v27.4 - https:\/\/yoast.com\/product\/yoast-seo-wordpress\/ -->\n<title>Expansi\u00f3n Financiera S.L, soluciones financieras innovadoras - Expansi\u00f3n y Finanzas<\/title>\n<meta name=\"description\" content=\"Proporcionamos soluciones financieras innovadoras para evaluar la solvencia y el riesgo crediticio, ayudando a empresas e individuos.\" \/>\n<meta name=\"robots\" content=\"index, follow, max-snippet:-1, max-image-preview:large, max-video-preview:-1\" \/>\n<link rel=\"canonical\" href=\"https:\/\/expansionyfinanzas.com\/\" \/>\n<meta property=\"og:locale\" content=\"es_ES\" \/>\n<meta property=\"og:type\" content=\"article\" \/>\n<meta property=\"og:title\" content=\"Expansi\u00f3n Financiera S.L, soluciones financieras innovadoras - Expansi\u00f3n y Finanzas\" \/>\n<meta property=\"og:description\" content=\"Proporcionamos soluciones financieras innovadoras para evaluar la solvencia y el riesgo crediticio, ayudando a empresas e individuos.\" \/>\n<meta property=\"og:url\" content=\"https:\/\/expansionyfinanzas.com\/\" \/>\n<meta property=\"og:site_name\" content=\"Expansi\u00f3n y Finanzas\" \/>\n<meta property=\"article:modified_time\" content=\"2024-12-20T14:01:40+00:00\" \/>\n<meta property=\"og:image\" content=\"https:\/\/expansionyfinanzas.com\/wp-content\/uploads\/2023\/06\/logotipo-pequeno_Mesa-de-trabajo-1_Mesa-de-trabajo-1.jpg\" \/>\n\t<meta property=\"og:image:width\" content=\"208\" \/>\n\t<meta property=\"og:image:height\" content=\"208\" \/>\n\t<meta property=\"og:image:type\" content=\"image\/jpeg\" \/>\n<meta name=\"twitter:card\" content=\"summary_large_image\" \/>\n<meta name=\"twitter:label1\" content=\"Tiempo de lectura\" \/>\n\t<meta name=\"twitter:data1\" content=\"1 minuto\" \/>\n<script type=\"application\/ld+json\" class=\"yoast-schema-graph\">{\"@context\":\"https:\\\/\\\/schema.org\",\"@graph\":[{\"@type\":\"WebPage\",\"@id\":\"https:\\\/\\\/expansionyfinanzas.com\\\/\",\"url\":\"https:\\\/\\\/expansionyfinanzas.com\\\/\",\"name\":\"Expansi\u00f3n Financiera S.L, soluciones financieras innovadoras - Expansi\u00f3n y Finanzas\",\"isPartOf\":{\"@id\":\"https:\\\/\\\/expansionyfinanzas.com\\\/#website\"},\"primaryImageOfPage\":{\"@id\":\"https:\\\/\\\/expansionyfinanzas.com\\\/#primaryimage\"},\"image\":{\"@id\":\"https:\\\/\\\/expansionyfinanzas.com\\\/#primaryimage\"},\"thumbnailUrl\":\"https:\\\/\\\/expansionyfinanzas.com\\\/wp-content\\\/uploads\\\/2023\\\/06\\\/logotipo-pequeno_Mesa-de-trabajo-1_Mesa-de-trabajo-1.jpg\",\"datePublished\":\"2023-05-31T09:38:58+00:00\",\"dateModified\":\"2024-12-20T14:01:40+00:00\",\"description\":\"Proporcionamos soluciones financieras innovadoras para evaluar la solvencia y el riesgo crediticio, ayudando a empresas e individuos.\",\"breadcrumb\":{\"@id\":\"https:\\\/\\\/expansionyfinanzas.com\\\/#breadcrumb\"},\"inLanguage\":\"es\",\"potentialAction\":[{\"@type\":\"ReadAction\",\"target\":[\"https:\\\/\\\/expansionyfinanzas.com\\\/\"]}]},{\"@type\":\"ImageObject\",\"inLanguage\":\"es\",\"@id\":\"https:\\\/\\\/expansionyfinanzas.com\\\/#primaryimage\",\"url\":\"https:\\\/\\\/expansionyfinanzas.com\\\/wp-content\\\/uploads\\\/2023\\\/06\\\/logotipo-pequeno_Mesa-de-trabajo-1_Mesa-de-trabajo-1.jpg\",\"contentUrl\":\"https:\\\/\\\/expansionyfinanzas.com\\\/wp-content\\\/uploads\\\/2023\\\/06\\\/logotipo-pequeno_Mesa-de-trabajo-1_Mesa-de-trabajo-1.jpg\",\"width\":208,\"height\":208,\"caption\":\"Logo Expansi\u00f3n y Finanzas\"},{\"@type\":\"BreadcrumbList\",\"@id\":\"https:\\\/\\\/expansionyfinanzas.com\\\/#breadcrumb\",\"itemListElement\":[{\"@type\":\"ListItem\",\"position\":1,\"name\":\"Portada\",\"item\":\"https:\\\/\\\/expansionyfinanzas.com\\\/\"},{\"@type\":\"ListItem\",\"position\":2,\"name\":\"Inicio\"}]},{\"@type\":\"WebSite\",\"@id\":\"https:\\\/\\\/expansionyfinanzas.com\\\/#website\",\"url\":\"https:\\\/\\\/expansionyfinanzas.com\\\/\",\"name\":\"Expansi\u00f3n y Finanzas\",\"description\":\"\",\"publisher\":{\"@id\":\"https:\\\/\\\/expansionyfinanzas.com\\\/#organization\"},\"potentialAction\":[{\"@type\":\"SearchAction\",\"target\":{\"@type\":\"EntryPoint\",\"urlTemplate\":\"https:\\\/\\\/expansionyfinanzas.com\\\/?s={search_term_string}\"},\"query-input\":{\"@type\":\"PropertyValueSpecification\",\"valueRequired\":true,\"valueName\":\"search_term_string\"}}],\"inLanguage\":\"es\"},{\"@type\":\"Organization\",\"@id\":\"https:\\\/\\\/expansionyfinanzas.com\\\/#organization\",\"name\":\"Expansi\u00f3n y Finanzas\",\"url\":\"https:\\\/\\\/expansionyfinanzas.com\\\/\",\"logo\":{\"@type\":\"ImageObject\",\"inLanguage\":\"es\",\"@id\":\"https:\\\/\\\/expansionyfinanzas.com\\\/#\\\/schema\\\/logo\\\/image\\\/\",\"url\":\"https:\\\/\\\/expansionyfinanzas.com\\\/wp-content\\\/uploads\\\/2023\\\/05\\\/cropped-cropped-Logotipo_Mesa-de-trabajo-1-1.png\",\"contentUrl\":\"https:\\\/\\\/expansionyfinanzas.com\\\/wp-content\\\/uploads\\\/2023\\\/05\\\/cropped-cropped-Logotipo_Mesa-de-trabajo-1-1.png\",\"width\":512,\"height\":512,\"caption\":\"Expansi\u00f3n y Finanzas\"},\"image\":{\"@id\":\"https:\\\/\\\/expansionyfinanzas.com\\\/#\\\/schema\\\/logo\\\/image\\\/\"}}]}<\/script>\n<!-- \/ Yoast SEO plugin. -->","yoast_head_json":{"title":"Expansi\u00f3n Financiera S.L, soluciones financieras innovadoras - Expansi\u00f3n y Finanzas","description":"Proporcionamos soluciones financieras innovadoras para evaluar la solvencia y el riesgo crediticio, ayudando a empresas e individuos.","robots":{"index":"index","follow":"follow","max-snippet":"max-snippet:-1","max-image-preview":"max-image-preview:large","max-video-preview":"max-video-preview:-1"},"canonical":"https:\/\/expansionyfinanzas.com\/","og_locale":"es_ES","og_type":"article","og_title":"Expansi\u00f3n Financiera S.L, soluciones financieras innovadoras - Expansi\u00f3n y Finanzas","og_description":"Proporcionamos soluciones financieras innovadoras para evaluar la solvencia y el riesgo crediticio, ayudando a empresas e individuos.","og_url":"https:\/\/expansionyfinanzas.com\/","og_site_name":"Expansi\u00f3n y Finanzas","article_modified_time":"2024-12-20T14:01:40+00:00","og_image":[{"width":208,"height":208,"url":"https:\/\/expansionyfinanzas.com\/wp-content\/uploads\/2023\/06\/logotipo-pequeno_Mesa-de-trabajo-1_Mesa-de-trabajo-1.jpg","type":"image\/jpeg"}],"twitter_card":"summary_large_image","twitter_misc":{"Tiempo de lectura":"1 minuto"},"schema":{"@context":"https:\/\/schema.org","@graph":[{"@type":"WebPage","@id":"https:\/\/expansionyfinanzas.com\/","url":"https:\/\/expansionyfinanzas.com\/","name":"Expansi\u00f3n Financiera S.L, soluciones financieras innovadoras - Expansi\u00f3n y Finanzas","isPartOf":{"@id":"https:\/\/expansionyfinanzas.com\/#website"},"primaryImageOfPage":{"@id":"https:\/\/expansionyfinanzas.com\/#primaryimage"},"image":{"@id":"https:\/\/expansionyfinanzas.com\/#primaryimage"},"thumbnailUrl":"https:\/\/expansionyfinanzas.com\/wp-content\/uploads\/2023\/06\/logotipo-pequeno_Mesa-de-trabajo-1_Mesa-de-trabajo-1.jpg","datePublished":"2023-05-31T09:38:58+00:00","dateModified":"2024-12-20T14:01:40+00:00","description":"Proporcionamos soluciones financieras innovadoras para evaluar la solvencia y el riesgo crediticio, ayudando a empresas e individuos.","breadcrumb":{"@id":"https:\/\/expansionyfinanzas.com\/#breadcrumb"},"inLanguage":"es","potentialAction":[{"@type":"ReadAction","target":["https:\/\/expansionyfinanzas.com\/"]}]},{"@type":"ImageObject","inLanguage":"es","@id":"https:\/\/expansionyfinanzas.com\/#primaryimage","url":"https:\/\/expansionyfinanzas.com\/wp-content\/uploads\/2023\/06\/logotipo-pequeno_Mesa-de-trabajo-1_Mesa-de-trabajo-1.jpg","contentUrl":"https:\/\/expansionyfinanzas.com\/wp-content\/uploads\/2023\/06\/logotipo-pequeno_Mesa-de-trabajo-1_Mesa-de-trabajo-1.jpg","width":208,"height":208,"caption":"Logo Expansi\u00f3n y Finanzas"},{"@type":"BreadcrumbList","@id":"https:\/\/expansionyfinanzas.com\/#breadcrumb","itemListElement":[{"@type":"ListItem","position":1,"name":"Portada","item":"https:\/\/expansionyfinanzas.com\/"},{"@type":"ListItem","position":2,"name":"Inicio"}]},{"@type":"WebSite","@id":"https:\/\/expansionyfinanzas.com\/#website","url":"https:\/\/expansionyfinanzas.com\/","name":"Expansi\u00f3n y Finanzas","description":"","publisher":{"@id":"https:\/\/expansionyfinanzas.com\/#organization"},"potentialAction":[{"@type":"SearchAction","target":{"@type":"EntryPoint","urlTemplate":"https:\/\/expansionyfinanzas.com\/?s={search_term_string}"},"query-input":{"@type":"PropertyValueSpecification","valueRequired":true,"valueName":"search_term_string"}}],"inLanguage":"es"},{"@type":"Organization","@id":"https:\/\/expansionyfinanzas.com\/#organization","name":"Expansi\u00f3n y Finanzas","url":"https:\/\/expansionyfinanzas.com\/","logo":{"@type":"ImageObject","inLanguage":"es","@id":"https:\/\/expansionyfinanzas.com\/#\/schema\/logo\/image\/","url":"https:\/\/expansionyfinanzas.com\/wp-content\/uploads\/2023\/05\/cropped-cropped-Logotipo_Mesa-de-trabajo-1-1.png","contentUrl":"https:\/\/expansionyfinanzas.com\/wp-content\/uploads\/2023\/05\/cropped-cropped-Logotipo_Mesa-de-trabajo-1-1.png","width":512,"height":512,"caption":"Expansi\u00f3n y Finanzas"},"image":{"@id":"https:\/\/expansionyfinanzas.com\/#\/schema\/logo\/image\/"}}]}},"_links":{"self":[{"href":"https:\/\/expansionyfinanzas.com\/index.php?rest_route=\/wp\/v2\/pages\/6","targetHints":{"allow":["GET"]}}],"collection":[{"href":"https:\/\/expansionyfinanzas.com\/index.php?rest_route=\/wp\/v2\/pages"}],"about":[{"href":"https:\/\/expansionyfinanzas.com\/index.php?rest_route=\/wp\/v2\/types\/page"}],"author":[{"embeddable":true,"href":"https:\/\/expansionyfinanzas.com\/index.php?rest_route=\/wp\/v2\/users\/1"}],"replies":[{"embeddable":true,"href":"https:\/\/expansionyfinanzas.com\/index.php?rest_route=%2Fwp%2Fv2%2Fcomments&post=6"}],"version-history":[{"count":74,"href":"https:\/\/expansionyfinanzas.com\/index.php?rest_route=\/wp\/v2\/pages\/6\/revisions"}],"predecessor-version":[{"id":742,"href":"https:\/\/expansionyfinanzas.com\/index.php?rest_route=\/wp\/v2\/pages\/6\/revisions\/742"}],"wp:featuredmedia":[{"embeddable":true,"href":"https:\/\/expansionyfinanzas.com\/index.php?rest_route=\/wp\/v2\/media\/602"}],"wp:attachment":[{"href":"https:\/\/expansionyfinanzas.com\/index.php?rest_route=%2Fwp%2Fv2%2Fmedia&parent=6"}],"curies":[{"name":"wp","href":"https:\/\/api.w.org\/{rel}","templated":true}]}}